e
Suppose -6*v = -v - 40. Let x(m) = m**2 + 5*m - 9. Let t be x(v). Suppose 3*i - 55 = 2*i + 4*w, 2*w - t = -3*i. Is i a composite number?
True
Is 488 + (15/(-3) - -4) a composite number?
False
Let q(y) be the third derivative of 2*y**5/5 - y**3/6 + 2*y**2. Is q(-1) a composite number?
False
Let b be -1 - -4 - 3*1. Suppose -2*c - c + 255 = b. Is c prime?
False
Let s = 383 - 265. Let w = s + 37. Is w a prime number?
False
Let u = -67 + 102. Is u composite?
True
Let j(i) be the third derivative of i**4/3 + 11*i**3/6 + 3*i**2. Is j(5) a prime number?
False
Let z = -18 + 440. Is z prime?
False
Suppose s + 3*h - 17 = -0*h, 2 = 2*h. Is s*(1 - 58/(-4)) prime?
False
Suppose 4*b + 42 = -4*s + 10, -2*s + 3*b - 6 = 0. Let l be ((-16)/s)/((-1)/(-6)). Let h = 31 - l. Is h a composite number?
True
Suppose 6*u = 2*u + 844. Is u a composite number?
False
Suppose 3*x + 6 = d - 30, -12 = x + 3*d. Let r be ((-5)/(-15))/((-2)/x). Suppose 85 = r*h + 3*c, h - 5*c - 9 = 1. Is h prime?
False
Is (624/(-120))/(4/(-10)) composite?
False
Let j = -58 - -111. Is j composite?
False
Is 4 - 1 - -81 - 1 prime?
True
Let v = -2374 - -1589. Let c = -1763 - v. Is ((-1)/((-3)/c))/(-2) composite?
False
Suppose 0 = -0*o + o - 2*p - 143, 0 = o + 5*p - 143. Suppose f = 2*f - o. Is f composite?
True
Let c(i) = 7. Let f(t) = -t + 7. Let s(k) = -3*c(k) + 2*f(k). Let n be s(-5). Suppose 0 = -0*x - n*x - 3*y + 207, 0 = -2*y. Is x a composite number?
True
Let g(n) = -2*n - 10. Let d be g(-7). Suppose 5*m - 277 = -3*l, -2*m - d*l + 9*l + 86 = 0. Is m composite?
False
Let r = -220 - -459. Is r composite?
False
Is 6/(-18)*-3*211/1 a prime number?
True
Let w = 1355 + -784. Is w prime?
True
Suppose -4*m + 2218 = 4*a - 2*m, 5*m - 2227 = -4*a. Is a a prime number?
False
Let w(q) = q**3 + 7*q**2 + 6*q. Let h be w(-6). Suppose 9 = 5*v - 2*g, h = -5*v + 3*g - 4 + 10. Suppose v*i - 124 = 35. Is i composite?
False
Let d be (-2)/5 + 6/15. Suppose d = -4*u - 3 - 1. Is (-2 - 0 - 1)*u prime?
True
Suppose -4*m + 0*m + 541 = 5*g, g - 403 = -3*m. Is m/2*(6 + -5) prime?
True
Let a be 3/2 - 1878/(-12). Suppose g = -g + a. Is g a composite number?
False
Suppose -5*g - 5*i - 260 - 205 = 0, i + 481 = -5*g. Let o = g - -52. Let q = o + 176. Is q prime?
True
Let d(k) = -4*k + 7. Let y be d(6). Is y/(-2) + 2/4 composite?
True
Let g(i) = i + 4. Suppose -5*a - 9 - 1 = 0. Let o be 27/(-12) + a/(-8). Is g(o) prime?
True
Let i(u) = u**3 - 9*u**2 + u - 7. Let b be -2*((-7)/2 + -1). Let f be i(b). Suppose -f*y + 381 = y. Is y prime?
True
Suppose 4*m = 1388 + 960. Is m a composite number?
False
Let r(g) = -29*g + 7. Suppose 10 = -4*v - 22. Is r(v) a prime number?
True
Let z be (-2)/(-9) - (-6710)/18. Let d = 624 - z. Is d prime?
True
Suppose -4*q + 16 = -0. Suppose q*b + 128 - 836 = 0. Is b a composite number?
True
Suppose -4*q - 4*b + 407 + 109 = 0, -q + 129 = -5*b. Is q a prime number?
False
Let x be (-18392)/33 - (-2)/(-3). Let j = x + 897. Is j prime?
False
Let k = 2075 + -1002. Is k a composite number?
True
Let n = 432 + 817. Is n composite?
False
Let m(l) be the first derivative of -l**4/4 - l**3/3 + 9*l**2/2 + l - 3. Is m(-6) a prime number?
True
Let c = -154 + 264. Let w = c - -123. Is w a composite number?
False
Suppose -995 = -4*r + 3*r + 2*i, -5*i = r - 960. Is r a composite number?
True
Let t(x) = 2*x**3 - 6*x**2 + 5*x - 12. Is t(7) composite?
True
Let f = -162 + 581. Is f a prime number?
True
Suppose 1535 = 7*y - 2*y. Is y composite?
False
Let v(a) = -a**2 + a - 1. Let d(t) = -3*t**2 - 2*t - 5. Let w(h) = -d(h) + 4*v(h). Let q be w(3). Let m(j) = 2*j - 9. Is m(q) composite?
False
Let t(q) = 291*q + 8. Is t(7) a composite number?
True
Let k(l) = 27*l + 5. Is k(6) composite?
False
Let l(h) = -2*h**3 - 3*h**2 + 10*h + 12. Is l(-7) prime?
False
Let u = -263 - -532. Is u composite?
False
Let m be (230/15)/(1/(-3)). Suppose -3*d + d = t - 117, 5*t - 600 = -5*d. Let k = t + m. Is k composite?
True
Let m be (-57)/6 - 1/2. Is 2/5 - 526/m composite?
False
Let l = -441 - -207. Let n = 647 + l. Is n composite?
True
Let x(n) = n**2 - n + 4. Suppose -4*r = -18 + 6. Is x(r) composite?
True
Let a be 8 + (3 - 2) - 2. Let t be (a - 9)/(4/778). Is t/(-4) - (-9)/(-36) a composite number?
False
Let i(q) = -2*q + 2. Let b be i(2). Is (-3)/b + 1137/6 composite?
False
Let z = 22 + -19. Suppose z*i + i = 2564. Is i composite?
False
Is ((-95)/(-2))/(((-5)/(-2))/5) composite?
True
Let s(y) = -y**3 - 7*y**2 + 7*y - 5. Let p be s(-8). Suppose c - p*n = -76, 226 = -3*c - 3*n - 50. Let u = 153 + c. Is u composite?
True
Let a = -66 + 163. Suppose -4*c - 5*f + a = 0, -35 = -c + 4*f + 5. Suppose i - 3*i = -c. Is i a prime number?
False
Let s = -26 + 41. Suppose h - s = 8. Is h composite?
False
Suppose 0*s - 2*s = 166. Let c = -6 - s. Is c a prime number?
False
Let o(m) = 1223*m**2. Is o(-1) a prime number?
True
Let o(g) = g**2 + g + 1. Let v be o(-1). Let p(l) = 218*l - 1. Is p(v) a prime number?
False
Let c = 104 + -1. Let n = 160 - c. Is n a prime number?
False
Let i(z) be the third derivative of z**7/840 + z**6/360 + z**5/120 + 7*z**4/24 + z**3/6 - 4*z**2. Let k(c) be the first derivative of i(c). Is k(0) composite?
False
Let a = -5 + 8. Suppose 8 = a*v - 1. Is (-216)/(-15) + v/5 a composite number?
True
Let z = -470 - -823. Is z a prime number?
True
Let h(r) = r + 14*r**2 - 2*r + 2*r. Is h(-1) a composite number?
False
Let g(u) = 331*u**2 + 2*u + 2. Is g(-1) a composite number?
False
Suppose 3*q + 2*q - 5*m = 20, 2*m + 12 = 3*q. Suppose -q*o = -3 - 5. Suppose -o*a - a + 12 = 0. Is a a composite number?
True
Suppose -x = p - 353, p = 5*x + 386 - 33. Is p composite?
False
Let g(t) = t**2 - 6*t + 5. Let u be g(5). Suppose r + 2*r - 99 = u. Is r a composite number?
True
Suppose 920 - 320 = 5*x. Suppose -4*g - 2*f = 15 + 59, -3*f = -5*g - x. Is g/(-1) - (0 - -2) prime?
True
Suppose u + a + 0 = 1, 5*u + 13 = 4*a. Let r(z) = -20*z**2 + 2*z + 1. Let n be r(u). Is (-2 + (-21)/9)*n a prime number?
False
Suppose -6 = t - 3*y, 3 = 5*t - y + 5. Suppose z = 4*z - 2*f - 2093, -2*f + 10 = t. Is z composite?
False
Let s be (-2)/(-5) - 6/15. Suppose s = 2*f + 4*u + 1 - 21, -4*f + 52 = 2*u. Let g = f + 17. Is g prime?
True
Let k(b) = -33*b + 1. Suppose 3*w = -2*h - 23, -3*h - 5 = w + 12. Let q = w + 4. Is k(q) a prime number?
False
Suppose -4*k + 1459 = -1137. Is k a composite number?
True
Let x = 11 + -17. Let g = 12 + x. Let d = g - -5. Is d a prime number?
True
Suppose -6*y + 15*y - 585 = 0. Is y a prime number?
False
Is (1*1/(-2))/((-13)/2158) a prime number?
True
Suppose 3*m = 6*m - 24. Suppose -m*t = -3*t + 5, -4*t = 2*p - 610. Is p a prime number?
True
Let w(d) = -4*d**2 + 3*d**2 + 7*d + 7*d**2 - 5. Is w(4) a prime number?
False
Let l = 1 - -10. Let b = l + -8. Suppose 627 + 6 = b*i. Is i composite?
False
Suppose 2*h - 3*g - 402 = 2*g, 3*h - 603 = -4*g. Suppose -q + 2 = -0*q. Suppose q*t - h = -t. Is t a prime number?
True
Suppose 1421 = -4*c + 11*c. Is c a composite number?
True
Suppose -3*x = j - 8, -5*x = 3*j - 22 - 14. Suppose 2*z - j = 13. Is z a prime number?
False
Let t(s) be the second derivative of -s**4/12 - 4*s**3 - 17*s**2/2 + s. Is t(-16) composite?
True
Suppose -4*y + 8 = -0, -852 = -4*t - 4*y. Is t composite?
False
Let f(g) = -g**2 - 5*g + 5. Let t be f(-5). Suppose 7 = -m + t*l - 4, -3*m = 3*l - 57. Is m composite?
True
Let y(r) = -444*r**2 - 4*r. Let d(p) = -444*p**2 - 3*p. Let m(q) = -3*d(q) + 2*y(q). Is m(1) prime?
False
Let y(o) = -o**3 + 8*o**2 + o - 1. Let i be y(8). Suppose -i*v + 212 = -5*v. Is v a composite number?
True
Suppose 402 = 5*g - 1953. Is g a prime number?
False
Let o(k) = 4*k + 15. Is o(13) a prime number?
True
Suppose 4*l - 8 = 8. Let i(k) = -2*k**2 - 5 + l*k**2 - k**2 - k. Is i(4) prime?
True
Suppose 2*m = -47 + 17. Let r be 6/9 - 142/(-3). Let x = r + m. Is x a prime number?
False
Let x be 2/(3/9*-2). Let w be 4/6 + x/(-9). Suppose -2*l + 15 = w. Is l prime?
True
Let r(n) = 2*n**2 - 9*n + 3. Suppose -l = 3*l - 16. Let c be 1*6 + 0/l. Is r(c) prime?
False
Let w = -1 - -31. Suppose 2*f - 4*y - 4 - w = 0, -2*f + y + 37 = 0. Is f prime?
True
Suppose 0 = -15*i + 9*i + 1284. Is i a composite number?
True
Let f = 1119 + 980. Is f a prime number?
True
Let y = 19 - 16. Suppose -y*j - a - 373 = -1432, 1412 = 4*j + 2*a. I